{"id":2,"date":"2023-09-11T10:14:19","date_gmt":"2023-09-11T08:14:19","guid":{"rendered":"http:\/\/reportesactivos.es\/?page_id=2"},"modified":"2023-09-14T23:41:52","modified_gmt":"2023-09-14T21:41:52","slug":"pagina-ejemplo","status":"publish","type":"page","link":"https:\/\/reportesactivos.es\/","title":{"rendered":"Sin t\u00edtulo"},"content":{"rendered":"<div class=\"wp-block-image\">\n<figure class=\"aligncenter\"><img decoding=\"async\" loading=\"lazy\" width=\"399\" height=\"145\" src=\"https:\/\/reportesactivos.es\/wp-content\/uploads\/2023\/09\/logo-reportes-activos-1.png\" alt=\"\" class=\"wp-image-44\" srcset=\"https:\/\/reportesactivos.es\/wp-content\/uploads\/2023\/09\/logo-reportes-activos-1.png 399w, https:\/\/reportesactivos.es\/wp-content\/uploads\/2023\/09\/logo-reportes-activos-1-300x109.png 300w\" sizes=\"(max-width: 399px) 100vw, 399px\" \/><\/figure><\/div>\n\n\n<p class=\"has-text-align-center has-background\" style=\"background-color:#544aed00\">Accede a tu informaci\u00f3n de forma f\u00e1cil y sencilla. Pincha en el bot\u00f3n Acceso Reportes<\/p>\n","protected":false},"excerpt":{"rendered":"<p>Accede a tu informaci\u00f3n de forma f\u00e1cil y sencilla. Pincha en el bot\u00f3n Acceso Reportes<\/p>\n","protected":false},"author":1,"featured_media":0,"parent":0,"menu_order":0,"comment_status":"closed","ping_status":"open","template":"","meta":{"footnotes":""},"_links":{"self":[{"href":"https:\/\/reportesactivos.es\/index.php?rest_route=\/wp\/v2\/pages\/2"}],"collection":[{"href":"https:\/\/reportesactivos.es\/index.php?rest_route=\/wp\/v2\/pages"}],"about":[{"href":"https:\/\/reportesactivos.es\/index.php?rest_route=\/wp\/v2\/types\/page"}],"author":[{"embeddable":true,"href":"https:\/\/reportesactivos.es\/index.php?rest_route=\/wp\/v2\/users\/1"}],"replies":[{"embeddable":true,"href":"https:\/\/reportesactivos.es\/index.php?rest_route=%2Fwp%2Fv2%2Fcomments&post=2"}],"version-history":[{"count":5,"href":"https:\/\/reportesactivos.es\/index.php?rest_route=\/wp\/v2\/pages\/2\/revisions"}],"predecessor-version":[{"id":58,"href":"https:\/\/reportesactivos.es\/index.php?rest_route=\/wp\/v2\/pages\/2\/revisions\/58"}],"wp:attachment":[{"href":"https:\/\/reportesactivos.es\/index.php?rest_route=%2Fwp%2Fv2%2Fmedia&parent=2"}],"curies":[{"name":"wp","href":"https:\/\/api.w.org\/{rel}","templated":true}]}}